1). Suppose 12 = 2*r + 3*n, b*n = -r + 2*n + 4. List the prime factors of r.
2, 3
Suppose 12 = -7*s + 3*s, -2*w + 64 = 2*s. List the prime factors of w.
5, 7
Let k(p) = p**3 + 9*p**2 + 7*p - 6. Let j be k(-8). Suppose 0*y = j*s - 2*y - 16, 4*y - 16 = 0. List the prime factors of s.
2, 3
Suppose 3*g = -5*t + 8, -3*g + 32 = -g - 2*t. List the prime factors of g.
11
Let q = 14 + -10. Suppose 0 = 3*a + p - 24, -5*a = -q*p + 3*p - 40. What are the prime factors of a?
2
Let r = 12 - -45. What are the prime factors of r?
3, 19
List the prime factors of (-2 - 0)*(-192)/4.
2, 3
Suppose d = -d + 4. Suppose -7*f + d*f = -4*m, 4*m = -4*f. Suppose -5*j + 7 + 3 = f. List the prime factors of j.
2
Let f = -5 - -13. What are the prime factors of f?
2
Suppose 2*x - 101 = -3*j + 68, -2*j = -3*x - 117. What are the prime factors of j?
3, 19
Let w(c) = -c + 2. Let t be w(-2). Suppose t*s + s - 65 = 0. What are the prime factors of s?
13
Suppose -6 = -4*d + 2. Suppose 4*y = d + 6. Suppose y*l + 2*m = 34, 2*m = -3*l + 45 + 1. List the prime factors of l.
2, 3
Suppose -m - 4*g - 22 = 0, -3*m + 5*g - 2 = -21. Let q be (m/3)/(3/9). Let h = q + 9. What are the prime factors of h?
7
Suppose -5*n + 12 = -3, 5*l - n + 3 = 0. Suppose l = q - 4*x - 50, 3*x = -5 - 7. List the prime factors of q.
2, 17
Let n be (0 + 1)/(2/8). Let w = 2 - 0. Suppose -g + n = w. What are the prime factors of g?
2
Let r be (0 - -2)*(0 + 2). Suppose 0 = g - r - 0. Suppose -5*z = -0*j + j - 6, -g*j = 2*z + 12. What are the prime factors of z?
2
Suppose v + 2*l - 132 = 4*v, -213 = 5*v - l. List the prime factors of 3/2*v/(-9).
7
Let b = -108 + 72. Let y = b - -62. What are the prime factors of y?
2, 13
Let z(a) = -8*a + 1 - 2*a - 2. What are the prime factors of z(-1)?
3
Suppose 2*u - 4*a - 39 = 5, u = -5*a - 6. Suppose -n + u = 2*b, 3*n + 5 = -2*n + 5*b. What are the prime factors of n?
2
Let l = -14 - -17. Suppose 0 = l*r - 2*r - 32. What are the prime factors of r?
2
Let w = -26 + 51. Suppose -3*j + j - w = -l, 45 = 2*l - 3*j. List the prime factors of l.
3, 5
Let k = -672 + 968. List the prime factors of k.
2, 37
Suppose b = -3 - 2, 3*a - 8 = b. Let l be 1/(-2)*(a - 3). Suppose -l = 3*o - 13. List the prime factors of o.
2
Suppose -u + 3*u = 0. Suppose n + 2 = u, -2*w + n = 2 - 20. What are the prime factors of w?
2
Suppose 4*x + 0*x = 32. What are the prime factors of 92/x*(3 + -1)?
23
Let f(h) = -2 + 0 + h**2 + 0 + 6 + h. List the prime factors of f(0).
2
Suppose 4*w - 11 = 5*h, -h - 1 = -3*w + 10. Suppose 0 = -w*j - 4*r + 196, j + 5*r + 1 - 30 = 0. What are the prime factors of j?
2, 3
Suppose -5*s = -s + 24. Let m = -6 - s. Suppose m = u - 17. What are the prime factors of u?
17
Let i(g) = -g**2 - g + 59. Let j(b) = b + 4. Let q be j(-4). Let c be i(q). Suppose -3*z - 2*h + 35 = -h, 5*z - c = -2*h. What are the prime factors of z?
11
Let z = -5 - -3. Let r = 3 - z. Suppose 85 = r*d - 10. What are the prime factors of d?
19
Suppose 0 = 2*t + t - 225. Suppose 4*j + t = -j + 5*p, 4*j + p + 35 = 0. Let a = 0 - j. List the prime factors of a.
2, 5
Suppose 1 = 4*w + 5. Let i be (24/16)/((-6)/32). What are the prime factors of (i/(-6))/(w/(-3))?
2
Let k = -22 - -26. Suppose -9*i = -k*i - 20. List the prime factors of i.
2
Let l(u) = -u**3 - 15*u**2 - 16*u + 13. List the prime factors of l(-14).
41
Let a(p) = -p**3 + 7*p**2 + 8*p + 10. Let j be a(8). List the prime factors of (-5 - 0)/((-2)/j).
5
Suppose -3*f - 8 = -7*f. Suppose h = -0*h + f. Let p = 5 - h. What are the prime factors of p?
3
Suppose 547 = -10*k + 1807. What are the prime factors of k?
2, 3, 7
Suppose 0 = -6*x + 30 + 192. List the prime factors of x.
37
Let l(a) be the third derivative of a**4/24 - a**3/6 - a**2. Let d be l(5). Suppose z + 15 = -2*n + d*n, -z + 3 = 0. List the prime factors of n.
3
Let g(l) be the third derivative of l**5/60 - 7*l**4/24 - l**3 - 2*l**2. Let z be g(8). Let u(b) = 2*b**2 - b + 1. What are the prime factors of u(z)?
7
Let c be 1/(-4) - (-378)/8. Suppose 4*t = 2*y + 74, -2*y = 4*t - 23 - c. What are the prime factors of t?
2, 3
Suppose -5*c - 4*y + 119 = -2*c, -76 = -2*c - 2*y. List the prime factors of c.
3, 11
List the prime factors of 740/(-222)*(-12)/10*58.
2, 29
Let w(x) = -3*x**3 - 7*x**2 + 6*x - 3. What are the prime factors of w(-5)?
167
What are the prime factors of (-8)/(-10) - (-414)/45?
2, 5
Let r = -10 + 16. Suppose 0 = t - f - 6, -2*f - r = 2. List the prime factors of t.
2
Let t(z) = -z**2 - 7*z + 8. Let k be t(-7). What are the prime factors of ((-4)/k)/(1/(-42))?
3, 7
Let n be 2 + 125 + 0 + -3. Suppose -3*p + 0*f + n = -5*f, -3*p + 109 = -2*f. What are the prime factors of p?
3, 11
Suppose -l = 2*l + 2*r + 1, -r = 5*l + 11. Let s be 2/l + (-1)/3. What are the prime factors of 1/1*-4*s?
2
Let m = -7 + 19. Suppose 8 + m = 5*k. Suppose -o - k*o = -45. List the prime factors of o.
3
Suppose -t - 36 = -3*t. List the prime factors of 546/t - 2/(-3).
31
Let s = -21 + 36. List the prime factors of s.
3, 5
Suppose -2*u - 32 = -2*o, 3*o - 2*u = -4*u + 68. Let y(i) = -i + 15. Let r be y(10). Suppose -35 = -r*q + o. List the prime factors of q.
11
Suppose -3*h + 2*p + 0*p = -173, -4*p - 16 = 0. List the prime factors of h.
5, 11
Let b(n) be the third derivative of -n**6/120 + n**5/12 - n**4/12 + n**3/3 - 3*n**2. Let o be b(4). Suppose 3*j = o + 2. What are the prime factors of j?
2
Let q = 43 + 16. What are the prime factors of q?
59
Suppose 2*r + 4*p = 31 + 43, -4*r + 208 = -4*p. List the prime factors of r.
47
Let c be (0 - 6/9)*-6. Suppose c*x = 2*r - 36, 14 = 4*r - x - 37. List the prime factors of r.
2, 3
Let t = 94 + -54. What are the prime factors of t?
2, 5
Suppose 3*b - 3 - 36 = 0. Let q = b - 11. Suppose q*r = -5*x + 35, 0 = r + 5*x - 2*x - 20. What are the prime factors of r?
5
Let c(a) = -4*a + 3. Let r be c(1). List the prime factors of 0/r - 20/(-2).
2, 5
Suppose -2*u + 44 = 2*u. List the prime factors of u.
11
Let y be (-3)/15 + 34/(-5). Let q = 9 + y. List the prime factors of q.
2
Let p be (-24)/(-30)*10/(-4). What are the prime factors of 3/(18/(-69))*p?
23
Let d = -62 - -17. Let c be 8/10*d/3. What are the prime factors of (2 - 3) + (1 - c)?
2, 3
Suppose 0 = -v + 3*v + 24. Let s = v + 11. List the prime factors of 34/2 + (-2)/s.
19
Let t(c) = 14*c + 1. Let b be t(1). Let y = b + -9. What are the prime factors of y?
2, 3
Let y = 226 - 138. What are the prime factors of y?
2, 11
Let b(f) = -f**2 - f + 3. Let v be b(-2). Suppose 0 = -a - 0*a + v, 0 = -3*c + 5*a + 64. What are the prime factors of c?
23
Let t = -6 + 8. Suppose -17 = -5*y + c, -t*y + 15 + 2 = 3*c. Suppose 4 = y*d - 3*d. What are the prime factors of d?
2
Let c = -31 + 22. Let l be (-1)/(-4) - (-68)/(-16). Let o = l - c. List the prime factors of o.
5
Let c = -5 - -8. Suppose c*g + g - 16 = 0. Suppose 4*x - 68 = 5*w, -2*x + 8 = 3*w - g. List the prime factors of x.
2, 3
Suppose 2*k - 6*k = 0. Suppose k = 7*d - 9*d. Suppose -3*q + 12 + 39 = d. What are the prime factors of q?
17
List the prime factors of (0 - (1 + -4)) + 24.
3
Let p be ((-3)/(-2))/((-3)/8). Let l = p + 6. Suppose -4*q - 3*o = -42, -43 + l = -5*q + 2*o. List the prime factors of q.
3
Let z be (-71)/(-5) - 4/20. Suppose -4*d - 4*h + 6 = -z, 5*h - 7 = 4*d. Suppose 0 = 4*x - 3*p - d*p - 16, -2*p + 8 = 0. List the prime factors of x.
3
Suppose 5*t - 2*n = -6, 0*t - 2*t + 5*n = -6. What are the prime factors of t/4*(-23 - 1)?
2, 3
Suppose -9*d = 2*d - 2684. List the prime factors of d.
2, 61
Let a(j) be the first derivative of 13*j**2/2 - 3*j - 7. List the prime factors of a(3).
2, 3
Let i(g) = 11*g**2 - 2*g - 1. Let x be 2*(5/(-2))/5. Let z = x - 0. List the prime factors of i(z).
2, 3
Suppose g - 20 = -4*z, z = 2*g - 6 + 2. Suppose -z*n = -4*v - 160, -4*n + 5*v = -84 - 79. What are the prime factors of n?
37
Let h = -4 - -5. Let z = h - -8. What are the prime factors of z?
3
Let l(u) be the first derivative of 0*u - 3/2*u**2 + 4. List the prime factors of l(-7).
3, 7
Let v = 380 - 259. List the prime factors of v.
11
Let x(p) = 5*p**3 + 7*p**2 - 15*p + 7. List the prime factors of x(3).
2, 5
Suppose 5*m = 437 - 17. What are the prime factors of 3 + -6 + m/3?
5
Let u(y) = 5*y - 7. List the prime factors of u(4).
13
Suppose w + 3*k = -k + 42, -4*k = -20.